ainder when 194112 is divided by 38808?
72
Calculate the remainder when 29591 is divided by 341.
265
Calculate the remainder when 1370687 is divided by 456891.
14
Calculate the remainder when 2003255 is divided by 35772.
23
Calculate the remainder when 44503 is divided by 10056.
4279
Calculate the remainder when 326203 is divided by 65145.
478
What is the remainder when 593272557 is divided by 120?
117
What is the remainder when 43362 is divided by 10728?
450
What is the remainder when 9119381 is divided by 1548?
113
Calculate the remainder when 8697 is divided by 2601.
894
Calculate the remainder when 43302668 is divided by 342.
338
Calculate the remainder when 389513 is divided by 2153.
1973
What is the remainder when 388264 is divided by 89?
46
What is the remainder when 2792093 is divided by 511?
500
Calculate the remainder when 678724324 is divided by 27.
25
Calculate the remainder when 23568307 is divided by 57.
4
What is the remainder when 54182 is divided by 577?
521
Calculate the remainder when 490365 is divided by 163096.
1077
What is the remainder when 181594 is divided by 3781?
106
What is the remainder when 1606543 is divided by 3366?
961
What is the remainder when 1394469 is divided by 110?
109
What is the remainder when 1360217 is divided by 1870?
727
Calculate the remainder when 260359 is divided by 3028.
2979
Calculate the remainder when 27776 is divided by 25472.
2304
What is the remainder when 15180 is divided by 3684?
444
Calculate the remainder when 356085 is divided by 1283.
694
Calculate the remainder when 273006 is divided by 24784.
382
What is the remainder when 45329833 is divided by 356?
353
Calculate the remainder when 5069025 is divided by 10.
5
What is the remainder when 528820 is divided by 145?
5
What is the remainder when 4029322 is divided by 62?
4
What is the remainder when 368549 is divided by 25?
24
Calculate the remainder when 25980059 is divided by 3540.
3539
Calculate the remainder when 1240649 is divided by 726.
641
Calculate the remainder when 221245 is divided by 532.
465
Calculate the remainder when 16490876 is divided by 180.
176
What is the remainder when 2948602 is divided by 210614?
6
Calculate the remainder when 3243 is divided by 3179.
64
Calculate the remainder when 288734 is divided by 9318.
9194
Calculate the remainder when 5664624 is divided by 35852.
8
Calculate the remainder when 7150073 is divided by 7150055.
18
What is the remainder when 224283 is divided by 222650?
1633
Calculate the remainder when 8704114 is divided by 18.
16
What is the remainder when 14076387 is divided by 44?
39
What is the remainder when 1269290 is divided by 35122?
4898
What is the remainder when 75927169 is divided by 212?
5
Calculate the remainder when 5766593 is divided by 5.
3
What is the remainder when 138661 is divided by 5309?
627
What is the remainder when 543079 is divided by 29?
25
What is the remainder when 4002925 is divided by 831?
829
Calculate the remainder when 1863275 is divided by 471.
470
Calculate the remainder when 1800055 is divided by 865.
855
Calculate the remainder when 89053139 is divided by 5364.
11
Calculate the remainder when 6373562 is divided by 1591.
16
Calculate the remainder when 134651473 is divided by 765.
763
Calculate the remainder when 1159718 is divided by 18408.
14
What is the remainder when 90432 is divided by 2438?
226
Calculate the remainder when 1007773 is divided by 589.
583
Calculate the remainder when 1262869 is divided by 77.
69
Calculate the remainder when 15504 is divided by 2258.
1956
What is the remainder when 23300918 is divided by 776?
742
What is the remainder when 673141 is divided by 44875?
16
What is the remainder when 4008145 is divided by 10520?
25
Calculate the remainder when 257572242 is divided by 7575654.
6
Calculate the remainder when 542741 is divided by 45226.
29
Calculate the remainder when 2010902 is divided by 1284.
158
Calculate the remainder when 3014095 is divided by 2493.
58
What is the remainder when 16604281 is divided by 22934?
65
What is the remainder when 100653 is divided by 1198?
21
Calculate the remainder when 382714 is divided by 63738.
286
Calculate the remainder when 585923 is divided by 541.
20
Calculate the remainder when 28617262 is divided by 185.
167
What is the remainder when 101409252 is divided by 133083?
6
Calculate the remainder when 83006105 is divided by 1788.
1781
What is the remainder when 838538 is divided by 447?
413
What is the remainder when 1207212 is divided by 30?
12
Calculate the remainder when 36120 is divided by 6761.
2315
Calculate the remainder when 39447 is divided by 1460.
27
What is the remainder when 275296777 is divided by 325?
2
What is the remainder when 15334280 is divided by 21628?
28
What is the remainder when 15150417 is divided by 106693?
11
What is the remainder when 664338 is divided by 24591?
381
What is the remainder when 1586688 is divided by 5729?
5484
Calculate the remainder when 344849 is divided by 114947.
8
What is the remainder when 166014 is divided by 41207?
1186
What is the remainder when 2589130 is divided by 4536?
3610
Calculate the remainder when 927054 is divided by 308936.
246
What is the remainder when 2507193 is divided by 429?
117
Calculate the remainder when 204151 is divided by 1365.
766
Calculate the remainder when 46420319 is divided by 1552.
1551
What is the remainder when 16276851 is divided by 94?
93
What is the remainder when 531256 is divided by 88531?
70
What is the remainder when 58398036 is divided by 17?
10
Calculate the remainder when 1312645 is divided by 328042.
477
What is the remainder when 77833694 is divided by 364?
302
What is the remainder when 1730286 is divided by 1573?
1559
What is the remainder when 58333 is divided by 1938?
193
What is the remainder when 786391 is divided by 63?
25
Calculate the remainder when 10554 is divided by 7588.
2966
Calculate the remainder when 3825197 is divided by 9307.
20
Calculate the remainder when 1200435 is divided by 61.
16
Calculate the remainder when 1122240 is divided by 3716.
8
What is the remainder when 10469 is divided by 3808?
2853
What is the remainder when 122759 is divided by 5572?
175
Calculate the remainder when 1196165 is divided by 15945.
290
Calculate the remainder when 8885081 is divided by 1110613.
177
What is the remainder when 308469 is divided by 1176?
357
Calculate the remainder when 178670 is divided by 1793.
1163
What is the remainder when 57616 is divided by 3841?
1
What is the remainder when 65512681 is divided by 65512678?
3
What is the remainder when 6892666 is divided by 530?
16
What is the remainder when 896277 is divided by 691?
50
What is the remainder when 3362737 is divided by 338?
313
What is the remainder when 138518739 is divided by 69?
66
Calculate the remainder when 15732660 is divided by 738.
714
Calculate the remainder when 26627 is divided by 8703.
518
What is the remainder when 17157519 is divided by 392?
71
What is the remainder when 12630936 is divided by 83?
79
What is the remainder when 390569 is divided by 276?
29
Calculate the remainder when 8988260 is divided by 184.
44
What is the remainder when 16531 is divided by 8025?
481
What is the remainder when 3946575 is divided by 366?
363
What is the remainder when 4255136 is divided by 9?
8
Calculate the remainder when 339261 is divided by 8919.
339
What is the remainder when 6997015 is divided by 31518?
19
What is the remainder when 1183854 is divided by 295952?
46
Calculate the remainder when 21994666 is divided by 747.
745
Calculate the remainder when 42983306 is divided by 1307.
1304
What is the remainder when 23549407 is divided by 11?
2
Calculate the remainder when 562232242 is divided by 497.
495
What is the remainder when 6405065 is divided by 491?
461
What is the remainder when 826375 is divided by 1857?
10
What is the remainder when 117039 is divided by 358?
331
What is the remainder when 13475074 is divided by 1184?
1154
Calculate the remainder when 349199 is divided by 214.
165
Calculate the remainder when 97120 is divided by 906.
178
Calculate the remainder when 101139 is divided by 206.
199
Calculate the remainder when 51360 is divided by 128.
32
Calculate the remainder when 147297303 is divided by 